- 61?
-30
2 + (-7 - (4 - 26) - 5)
12
Evaluate 2796 + -2779 + (-1 + 1 - -11).
28
3 + (-17 + 2 - -20 - (3 + -2))
7
Calculate -439 + 432 - (4 - 1).
-10
Evaluate -11 + -4 + 29 + -19.
-5
What is (21 - (4 - 0)) + 1?
18
Evaluate (-17 - (9 - 23)) + (-3 - -28 - -2).
24
-30 + 55 - 22 - 32
-29
Evaluate 7 + (-1 - -12 - 9 - 18).
-9
107 + -138 - (7 + -12)
-26
Evaluate -6 - (4 - (-9 - (-23 - -10))).
-6
What is -19 - (3 - -5 - 20)?
-7
4 - (-4 + 9 + 2) - 13
-16
What is the value of -4 - (7 + -27 + -47 + 29)?
34
What is (-17 - 4) + 15 + -1?
-7
What is (4 - (4 - (-9 + 16))) + 4 + -1?
10
What is 6 + 23 - 39 - -17?
7
What is the value of (-1 - 1) + (4 - 20) + -42 + 35?
-25
(-24 - 36 - -26) + 11
-23
What is -23 + -1 + (-203 - -232)?
5
Calculate (-14 - (2 + -14 + 1)) + 15.
12
What is -1196 + 1217 - (-4 - (1 - 3))?
23
What is the value of (6 + -14 + 6 - 4) + 6 - -1?
1
Evaluate -11 + (-17 - -47) + -8.
11
Evaluate -5 + -2 + 158 + -146.
5
-16 + 7 + (10 - 7) + 3
-3
607 + -569 - (28 + -2)
12
Calculate (22 - 27) + (1 - (-7 - (-3 + 0))).
0
Evaluate -11 - (-2 - -3 - (16 - -8 - 15)).
-3
-11 - (7 - 10) - ((-4 - -3) + 3)
-10
What is the value of 2 + 12 + -6 + (-26 - (0 + -5))?
-13
-8 + (21 - (-2 - 13 - -10))
18
14 - (9 + 39 + -14)
-20
((-56 - -61) + 0 + 2 - 20) + -5
-18
Evaluate ((3 - -3) + -12 - (2 + 4)) + 53.
41
What is -12 + 26 + -5 + (-2 - (1 + 0))?
6
What is (-4 - -8) + -3 + (24 - 30) + 29?
24
Calculate 8 - (6 + -7 + -1 + 0).
10
-9 - -25 - (21 - 7)
2
Calculate 8 + -14 + 10 - (5 - -5).
-6
What is -8 + (6 - (-2 + -17))?
17
Calculate 9 + (-12 - (-34 - -30)).
1
What is 62 + -76 + 0 + 5?
-9
What is the value of 15 - (1 + -4 + (18 - 27 - -8))?
19
Calculate (-15 - -12) + 1 - -16.
14
What is 9 - (-32 + 22 + 29 + -7)?
-3
What is the value of 192 - 203 - (1 - -1)?
-13
What is (-1 - 4) + (10 + -33 - (3 - 17))?
-14
Calculate (0 - -15) + 36 + 40 + -69.
22
Calculate (-1 + 19 - (-17 - -60)) + 8.
-17
What is 48 - 41 - (17 + 1)?
-11
Calculate -17 + 1 + 14 - (-34 - -4).
28
What is the value of -9 + -1 + 65 + -66 + -1?
-12
What is the value of (-2 - 1 - (-2 - -8)) + -6?
-15
Evaluate 18 + -44 + 36 - 16.
-6
(4 - (0 + 21)) + 109 + -106
-14
What is the value of 35 + -27 - (-8 - -14)?
2
Calculate 9 + -451 + 449 + 1 + 17.
25
What is -14 - (-12 + -4 + -8)?
10
What is 24 + -17 - ((-27 - -17) + -3 + 1)?
19
What is the value of 40 + -50 + 18 - (2 - 7)?
13
(-6 - 9) + 13 + (11 - 14)
-5
-14 - (-62 - (-40 - -11))
19
Evaluate -2 + -1 - (-134 + 136 - (2 - 1)).
-4
What is (-12 - -8 - 0) + 13?
9
What is (18 - 32) + (18 - (12 + -4))?
-4
(-12 - (32 + -63)) + 6
25
Calculate 15 + 11 + -15 + (0 - 20) + 2.
-7
Evaluate -5 - 0 - (-16 + (15 - (22 - 16))).
2
Evaluate -31 + 21 + 21 + 1.
12
What is -11 + (11 - 6 - 14)?
-20
Calculate 35 + -292 + 299 + -19 + 0.
23
Evaluate 25 - 15 - (-8 + (17 - 6)).
7
-10 + (-4 + 3 - (-3 + 5 + -1))
-12
-8 + (-13 - -17) + (2 - -1) - -6
5
What is (-1 - -1 - 17) + (45 + -93 - -50)?
-15
Evaluate 2 + (2 - -2) + (-16 - -20) - 3.
7
Calculate -7 + (5 - 10) - (-15 + (9 - 21)).
15
Evaluate -8 - -3 - (4 + -9 + (-1 - 7)).
8
Calculate -3 - (5 + 7) - -7.
-8
What is the value of 125 + -62 + -100 - (1 - 4)?
-34
What is the value of 35 + -14 + 4 + -7 + 13?
31
9 - (38 - 24) - -25
20
What is -26 + (-1 - -2) + 199 + -190 - 4?
-20
Calculate (-8 + -1 - (-2 - (4 + 1))) + -6.
-8
68 + -92 - (3 + -26)
-1
Calculate -14 + (22 - 10 - 1) - (-1 + 4).
-6
Evaluate -21 - (18 + -29) - (5 + -1).
-14
Calculate (-69 - -98) + (-16 - (0 - 8)).
21
Calculate 8 - (20 + -21 + (1 - 6)).
14
Calculate (-28 - (-3 - 3)) + -3 + (10 - 0).
-15
Evaluate (47 + -20 - 13) + -37.
-23
What is -14 + (-22 - (-24 - 23))?
11
Evaluate 5 + (-4 - -1) + 11 + (-2 - 13).
-2
Calculate 2 - (12 - 27 - -2) - -7.
22
Evaluate -1 + -4 + 35 + -17.
13
What is the value of (7 - (-9 - -46)) + 32?
2
What is (-4 - 5) + 0 + 30 + -33?
-12
What is the value of (6 - ((-12 - 7) + 35)) + -7?
-17
What is -130 + 119 + (-10 + -1 - 1)?
-23
What is the value of 1 + -1 + -4 + -2 - (20 + -1)?
-25
What is -7 - 8 - 17 - -41?
9
Calculate -96 + 96 + 1 + -22.
-21
What is the value of (-138 - -100) + (-1 - -20)?
-19
What is -5 + (1 - 2) - (66 + -61)?
-11
31 - (18 - -2) - 16
-5
Evaluate 24 - (29 + 15 - 22).
2
What is the value of -5 + 21 - (10 - 8)?
14
-30 + 9 + (13 - 8)
-16
What is -3 + (3 - (-10 - -13))?
-3
-19 + 33 + -11 + -5
-2
What is -172 - -188 - (3 - -2)?
11
What is the value of (-8 - (8 - 10)) + 5 - (46 - 24)?
-23
Calculate -1 + (-5 - -26) - (11 - 5).
14
What is -22 + (23 + 21 - 27)?
-5
(2 - -18) + (134 - 156)
-2
(118 + -108 - (6 + -1)) + (-4 - 2)
-1
Calculate (-2 - 0) + 1 + (5 - -5 - 29).
-20
Calculate 7 + 0 + -9 + 3 + 4.
5
Evaluate (-5003 - -5015) + 14 + 1 + -1.
26
Calculate -8 + -16 + 35 - 44.
-33
What is -43 + -12 + 9 + 14?
-32
Evaluate -18 + (19 - 10) - -22 - -6.
19
Evaluate 12 + -5 + -3 + -7 + 7 + 8.
12
What is 5 - -2 - (36 - 35 - (-4 + -2))?
0
(-166 - -128) + (3 + (-5 - -2) - -8)
-30
What is the value of -25 + (-13 + 16 - (23 - 7))?
-38
Calculate 41 + -1 - (908 + -886).
18
Evaluate (10 - -1) + 0 + (5 - (10 + -4)).
10
Evaluate 24 - ((-21 - -28) + 16).
1
What is (8 - 8) + 23 + -16?
7
What is the value of 12 + -1 - (74 - 63)?
0
Calculate 31 + -28 - (-4 + 13 + -5 - 0).
-1
What is the value of (70 - 72) + 2 + -4 + -3 + -1?
-8
(-33 - (-57 + -1)) + -43
-18
What is the value of -50 + 46 + (-7 - (-12 + -3))?
4
What is -3 + (-1 - -16 - 36)?
-24
Evaluate 12 + -44 - -16 - -14.
-2
What is 4 - -2 - 1 - (-4 - (3 + -9))?
3
Calculate 2 + 1 + (198 - 211) + 35.
25
Evaluate 11 + -3 + 2 + -20 + (-8 - -27).
9
What is 20 + (6 - 7) - (1 - (-2 - 0))?
16
What is (-19 - (-11 + -5 - 3)) + (-12 - 0)?
-12
Evaluate -20 - 1 - (-344 + 322).
1
Evaluate 2 + (8 - -46 - 26).
30
What is the value of -14 - (-41 + 32 - 10)?
5
Calculate 0 + -15 + 16 + 7.
8
Evaluate -2 - (-4 + -2) - (32 - 18).
-10
Calculate (1 - (-2 - -1)) + (9 - (9 + -12)).
14
What is 0 + 15 + -3 + (51 - 67)?
-4
Evaluate (6 - -10 - -2) + -14 + 18.
22
What is 5 - (-19 - -42 - ((6 - 0) + 2))?
-10
What is the value of (-7 - 0) + (-31 - (-17 - 11))?
-10
-20 + 0 + -901 + 890
-31
What is the value of 15 + 0 + -152 + 145?
8
What is (2 - 0 - 1) + -3 + -7 + 8?
-1
Evaluate -79 + 78 + (-4 - (5 - (-4 - -33))).
19
What is 3 - ((-11 + 8 - (-4 - 5)) + 8)?
-11
What is (5 - 21) + (-9 - -2) - -1?
-22
(5 + -3 - 0) + 85 + -85
2
-7 - -8 - (-17 + 28 + 5)
-15
What is the value of 13 + 11 + -14 - (13 + -2 + -2)?
1
What is the value of (-8 - (-2 + 1)) + (145 - (-5 + 124))?
19
10 + (-2 - 13) + 7
2
-33 + -1 - (74 + -104 + 29)
-33
Calculate -2 + 9 + -10 - (2 - -5).
-10
What is the value of -5 + (13 + (-11 - 6) - 9)?
-18
Evaluate -1 - 1 - -4 - (9 - (30 - 39)).
-16
(1 - -11) + (14 - (-40 - -43))
23
0 + 4 - 11 - (-33 - (13 - 27))
12
(-1 - -34) + (-48 - -22)
7
Calculate (-2 - -2) + (-3 - -5 - 7) + 12.
7
What is the value of 3366 + -3370 - ((-2 - 0) + 1)?
-3
Evaluate (-53 - (41 + -86)) + (19 - 1).
10
-16 - -36 - (35 - 16)
1
What is (-5 + 16 - 0) + -21 + 16 + 16?
22
Evaluate (3 - 3) + (-228 - -229).
1
What is (4 - (-41 - -13)) + -8?
24
What is the value of (-32 - (-14 + -11)) + 0 + 3?
-4
What is -62 + 57 + 3 + -9?
-11
(4 - (4 - (-1 - -1))) + 13 + -13
0
What is 61 + -54 + 12 + 0 + (0 - 0)?
19
Calculate -7 + -18 + -2 + 25.
-2
What is 21 - -1 - (-1 + 8) - 37?
-22
14 + (-2 - 3) - ((-13 - 0) + 1)
21
What is the value of 8 + 0 - (14 - (26 - 28))?
-8
What is -2 - 29 - (-25 + 55 + -31)?
-30
What is the value of -3 - (-6 + 3 + -4 + 5 + 2)?
-3
0 - (13 - (15 - 17))
-15
Evaluate -18 - (29 + -16 + -1).
-30
What is 1 + -7 + (9 - (7 + -3)) + 26?
25
Calculate (-1 + 1 + -11 - -1) + -4.
-14
Evaluate 18 + -1 + 1 + -11 + -26.
-19
What is the value of ((3 - (7 + -5)) + 16 - 4) + -2?
11
-1 + -16 + (12 - 10) + -10
-25
Evaluate -6 - (6 + -19 - -27 - 12).
-8
What is -1 + -1 - (21 - 24) - 13?
-12
What is -1 - (20 - (17 - -26))?
22
What is -125 + 120 - (-11 - 1)?
7
Calculate (-3 + 2 - 9) + (-19 - (-39 - -20)).
-10
9 + (-3 - -1) + 130 + -126
11
What is the value of 9 - -5 - (3 - -12)?
-1
What is the value of 16 - 2 - (-22 + 22 + 2)?
12
8 - (15 - 17 - 1)
11
Evaluate -9 - (29 + (8 - 43)).
-3
What is (-3 - -12) + -13 - 1?
-5
Evaluate -32 - (2 - 17 - (17 + -39 + 14)).
-25
What is 34 - (-4 - 0) - (-139 + 156)?
21
What is the value of (-61 - -18) + 43 + -19?
-19
Evaluate -1 + 15 + (-23 - -11).
2
What is the 